s the tens digit of (-3)/(-21) - (-54)/42*11133?
1
What is the thousands digit of 9/(-36)*20*(-3 - 2036)*1?
0
Suppose 2*i + 9 = 3*n - 3*i, n - 3 = -i. Let p(f) = 5*f + 17 + 14*f**2 - n*f**2 - 20. What is the hundreds digit of p(-4)?
1
Let s(w) = -2*w**3 + w**2 + w + 514. Let t be s(0). Suppose -4*z - t = -2*y, 8*y + 1324 = 13*y + 3*z. What is the tens digit of y?
6
What is the tens digit of (58 + -70)/(1/313*(-1 + -1))?
7
What is the thousands digit of -361*(-126)/(-1197)*(-5)/(-4)*-514?
4
Suppose -34*r + 33*r = 0. Suppose 0*c + 9*c - 9 = r. What is the tens digit of (c - -1)/2 - (-107 - 20)?
2
Suppose -2*g + 4*p + 636 = 0, -p - 2*p - 1267 = -4*g. Suppose -5*r + 1714 = -g. What is the tens digit of r?
0
Let q = 53 - 55. What is the hundreds digit of 192 - (0 + q/(-2))?
1
What is the tens digit of ((4341765/20)/(-37))/(6/(-8))?
2
Let h = 13 + -19. Let z(c) be the second derivative of -c**5/20 - c**4/4 - 7*c**3/6 - c**2 - 3*c. What is the tens digit of z(h)?
4
Let z(c) = -3*c**3 - 17*c**2 + 6*c + 4. Let t be z(-6). Suppose 1300 = t*l - b, -2 = 2*b + 6. What is the tens digit of l?
2
Let p(i) = -11 - 2 + 6*i**2 + 6 - 16*i. Let n be p(6). Suppose 3*c = 581 - n. What is the hundreds digit of c?
1
Let v(g) be the third derivative of -91*g**4/6 - 8*g**3/3 + g**2 - 40. What is the tens digit of v(-2)?
1
Let l(q) = -99*q + 9. Let s be l(-3). Let g = -121 + s. What is the tens digit of g?
8
Suppose 0 = -5*o, 2*p + 2*p - 284 = 5*o. Suppose 10 = -l - 4*l, -2*g = -3*l - 86. Let z = p - g. What is the tens digit of z?
3
Let x(h) = -56*h + 19. Let a be x(9). Let n = a - -746. What is the hundreds digit of n?
2
Let s = -43 - -43. Let v(q) = -10*q**3 - 3*q**2 - 3*q - 2. Let o be v(-2). Suppose -3*n + o = r, -2*r - 3*r - 4*n + 371 = s. What is the units digit of r?
5
Suppose -43 = 4*l - 3*l. Let a = l + 27. Let g(h) = -h + 14. What is the units digit of g(a)?
0
Suppose p = -4*b + 7, -3*p - p + 28 = -b. Suppose 723 = p*f - 348. What is the tens digit of f?
5
Suppose 0*c = -3*c + 45. Let w = -10 + c. Suppose -w*y = -8*y + 12. What is the units digit of y?
4
Let a(r) = 47*r - 30. Suppose -2*v - 4*v + 42 = 0. What is the hundreds digit of a(v)?
2
Let f(r) = -r**2 - 297*r + 106. What is the thousands digit of f(-106)?
0
Let p(h) be the third derivative of -4*h**2 + 1/6*h**3 + 43/12*h**4 + 0 + 0*h. What is the tens digit of p(1)?
8
Suppose 0*d + d + x = 127, 0 = 4*d + 3*x - 503. Let f = 558 + d. What is the units digit of f?
0
Suppose 5*x + 4*s - 430 = 1620, 2*s = x - 424. Suppose -1204 = -5*w - x. What is the tens digit of w?
5
Suppose 10361 = l - 5*x, 3*l = 7*x - 6*x + 30971. What is the ten thousands digit of l?
1
Suppose 5*h = 2*x - 12260, 3*x = 4*x + 5*h - 6085. What is the thousands digit of x?
6
Suppose -4*i + 4*x + 204120 = 0, 67*i - 63*i - 204127 = 5*x. What is the ten thousands digit of i?
5
Suppose -s + 4*q + 46 = 0, -s + 99 = 2*s + q. Let i = -10 + s. Suppose i + 111 = 5*h. What is the units digit of h?
7
Let x = 16999 + -8815. What is the tens digit of x?
8
Suppose -640 = 5*f - m, 4*f + 0*m = 3*m - 501. Let v = 805 + f. What is the hundreds digit of v?
6
Let h(g) = -g**3 - 2*g**2 - 4. Let u be h(-3). Suppose u*s - 8*s + 162 = 3*n, -n = -4*s - 64. What is the units digit of n?
6
Suppose -21*u = 153*u + 19*u - 7378197. What is the ten thousands digit of u?
3
What is the units digit of 4/(-2)*(-13458)/(-4)*(-3906)/378?
3
Let d = 14085 + -9198. Suppose 0 = -3*r - 3*o + d, 20*r - 25*r + 8155 = 3*o. What is the hundreds digit of r?
6
Let f(w) = -4*w + 9. Let o be f(1). Suppose -213 = -2*i + 5*g, 5*i + g - o*g = 490. What is the units digit of i?
4
Suppose 3*t + 16 = 31. Suppose 14*w = t*w + 225. Suppose -6*s + 29 = -w. What is the units digit of s?
9
Let w be 640/(-8) - -1*1. Let z = 83 + w. What is the units digit of (4 + -1 - z) + 161?
0
Let d be -4*((-6)/15)/((-40)/(-575)). Suppose 27 = 2*m - d. Suppose m + 47 = 3*j. What is the units digit of j?
4
Suppose c + 21853 = -3*f + 126631, -f = -5*c - 34910. Suppose f + 925 = 25*s. What is the thousands digit of s?
1
Let i(a) = a**2 + 38*a - 165. Let t be i(-42). Suppose -43*h - 2*d + 2839 = -40*h, 2*h = -t*d + 1896. What is the units digit of h?
5
Suppose -x + 2*z + 826 = 0, -4*z - 14 = -6. Let j = -511 + x. What is the tens digit of j?
1
Let z be (42/16 - (-48)/128) + 3684. Suppose 18*p = z + 6411. What is the units digit of p?
1
Let b = -130 + 134. Suppose -b*s - 2*h = 2*h, 5*s = h - 12. What is the hundreds digit of (3 - (-5)/s) + 339/2?
1
What is the units digit of 4/((-64)/(-29082)) - 72/(-192)?
8
Suppose -n + 2*i + 34404 = 0, -10*n - 14*i + 19*i = -343935. What is the ten thousands digit of n?
3
Let q(g) = g**3 + 30*g**2 - 147*g + 73. What is the hundreds digit of q(-21)?
1
Let q(k) = -13 - 21 - 22 + 42 - 9*k - 32*k + 4*k**2. What is the tens digit of q(-17)?
3
Suppose 19*w + 5*w - 216 = 0. What is the units digit of 458/4*18/w?
9
Let a(b) = b**2 + 2*b - 3. Let n be a(1). Suppose 3*j + n*m = 3*m + 81, 4*j - 103 = 5*m. What is the tens digit of -5 + 13 + -6 - j/(-2)?
1
Let y(n) = 790*n**2 - 41*n - 77. Let l be y(-2). What is the thousands digit of l/6*16/5?
1
Let p be (-40)/(-6)*((-93)/(-12) - 7). Let s(y) = 21*y - 6. What is the units digit of s(p)?
9
Let d(h) = 5*h**2 - 30*h - 25. Suppose -3*n + 42 = -5*u, 28 + 42 = 5*n - 3*u. What is the tens digit of d(n)?
3
Let s(w) = 8*w**3 - 62*w**2 - 3*w + 52. What is the ten thousands digit of s(15)?
1
Let z(y) = 2*y**2 + 6*y + 3. Let g be z(-3). Suppose -g*c - 29 = 25. What is the tens digit of ((-1)/(c/(-348)))/(1/(-12))?
3
Suppose 4*x = 1 + 71. Let z = x + 15. What is the units digit of z/(3 - 1 - 1)?
3
Suppose 0 = 5*u + 2*s - 1147, 8*s = 3*s - 20. Let i = -81 + u. What is the units digit of i?
0
Let d(r) = -391*r**3 - 2*r**2 + 8*r + 7. What is the hundreds digit of d(-2)?
1
Suppose 17*r = -800 - 220. Let a = r - -129. What is the tens digit of a?
6
Let p = -37 + 43. Let b = p + 0. Suppose 0 = 4*y - b*y + 152. What is the units digit of y?
6
What is the units digit of (-3 + -1)/(980/119280*(-2)/28)?
6
Let v = -3 + 7. Suppose 0*d + v*d = 212. Suppose d = p - 80. What is the hundreds digit of p?
1
Let r(q) = -419*q - 219. Let x(a) = a - 3. Let b(h) = -r(h) + 2*x(h). What is the units digit of b(4)?
7
What is the thousands digit of (-4383)/2*-7*1856/609?
6
Suppose -4*g - 126728 = -5*a, -g - 14 = -17. What is the ten thousands digit of a?
2
What is the tens digit of 3941 + 172 - (-3)/((-18)/(-4))*-3?
1
Let u(j) = 3*j**2 - 13*j + 2. Let d be u(5). Suppose 10*x + 1092 = d*x. Suppose 18*l - 16*l = x. What is the hundreds digit of l?
2
Let k = 30 + -26. Let s(j) = -2*j - 117. Let y(i) = i + 58. Let v(p) = k*s(p) + 9*y(p). What is the tens digit of v(0)?
5
Let l = 10580 + 755. What is the thousands digit of l?
1
Let k be (-4)/((-36)/(-27)) + 7. What is the hundreds digit of 164*22/(-16)*-1*k?
9
Let x = 20933 + -11473. Suppose 268*h = 257*h + x. What is the tens digit of h?
6
Suppose -130*t = -142*t + 672. What is the units digit of t?
6
Let x be 91/28*(2 - (-185 + -1)). What is the units digit of (x - 1)/((-48)/(-24))?
5
Let n = -50 + 73. Let h = -72 - -142. Let v = n + h. What is the units digit of v?
3
Let i(y) be the second derivative of 47*y**3/2 + 103*y**2/2 + y + 164. What is the thousands digit of i(9)?
1
Let j be (-5)/(-15)*(0 - 3). Suppose 5*l - 3*o = 10*l + 401, -3*l - 3*o = 237. What is the units digit of (-2)/(4/l)*(j - -2)?
1
Let q = -490 - -1206. Let b = q + -503. What is the tens digit of b?
1
What is the tens digit of ((-1503216)/54 - 14)*(-3)/2?
7
Suppose -16 = -4*m + 4*f, -7*m + 5*m + 18 = 3*f. Suppose -3*v = 2*a - m*v + 14, 2*a = 2*v - 18. What is the units digit of (-12160)/(-52) - 2/a?
4
Let x = 163 - 93. Let j = x + 2. What is the hundreds digit of (j/(-20))/(-6) - (-1464)/10?
1
Suppose 11*i - 4*i - 51808 = 45681. What is the tens digit of i?
2
Let p be 390*(0 - (-2)/5). Suppose -8*m + p = -820. Suppose r - m + 2 = 0. What is the units digit of r?
0
Suppose -91*t + 90*t = -2. What is the units digit of -4 + t + 3 + (-457)/(-1)?
8
Suppose 20033 = -61*y + 69*y - 36047. What is the units digit of y?
0
Let x be (-10)/(-2) + (2/29 - 500240/(-6032)). Let n = -120 + 175. Let c = x - n. What is the units digit of c?
3
Suppose -24*k - 29884 = -2*w - 19*k